 + 22 - 7. Suppose -5*m + 5*j + 480 = 0, 48 = b*m + 3*j - 246. What is the tens digit of m?
9
Suppose -4 = -2*d - 4*z - 14, 4*z = 2*d - 6. What is the units digit of d/(2 + 1 + 736/(-244))?
1
Let q(g) = g**3 + 5*g**2 - g - 4. Let b be q(-5). Let w = 4 - b. Suppose w*r + 2*r - 110 = 0. What is the tens digit of r?
2
Suppose t + 4 - 2 = 0. Let d be t*(1/2 - 2). Suppose 0 = 3*c - 4*r - 18, -4*c + 39 = -c + d*r. What is the units digit of c?
0
What is the tens digit of -3 - 9/(63/(-12859))?
3
Let v = -46 + 23. Let z = 76 + v. What is the units digit of z?
3
Suppose 2*i - 357 + 53 = 0. Let y = -73 + i. What is the tens digit of y?
7
Suppose 0 = 5*o + 5*g - 1345, 265 = o + 2*g + 3*g. What is the hundreds digit of o?
2
Let n(c) = -c**2 - 19*c + 9. Let o be n(-9). Let r = o + -19. What is the units digit of r?
0
Let d = 12 - -1. Suppose 3*u + d = 19. Suppose -9 = -5*a + u*a. What is the units digit of a?
3
Let n = 1042 - 341. What is the units digit of n?
1
Let m(o) = 62*o - 27. Let d be m(22). Suppose -14*f + 651 = -d. What is the tens digit of f?
4
Let c(d) = d - 10*d + 13*d - 8. Let y(b) = 6*b**2 + 2*b + 1. Let i be y(-1). What is the units digit of c(i)?
2
Let q(s) be the first derivative of -s**5/2 + s**4/6 - s**2/2 - s - 1. Let l(c) be the first derivative of q(c). What is the tens digit of l(-1)?
1
Suppose 0*w = -5*w - 5*z + 6455, 0 = -3*w - 4*z + 3874. What is the hundreds digit of w?
2
Suppose 3*b + 2*t - 115 = 3*t, -b = -5*t - 57. Let f = 69 - b. What is the tens digit of f?
3
Let h(l) = -4*l + 68*l**2 - 67*l**2 + 3 - l. Let x(t) = t**3 + 9*t**2 + 6*t - 8. Let m be x(-8). What is the units digit of h(m)?
7
Suppose 3*b - 1 - 8 = 0. Suppose 125 = 2*k + b*k. What is the tens digit of 1/1*(-8 + k)?
1
Let c = 3144 - -1234. What is the tens digit of c?
7
Let z(q) = -q - 5. Let p be z(13). Let l(v) = v**2 + 6*v - 39. What is the units digit of l(p)?
7
Suppose -8 = -5*n + 2. Suppose 0 = -4*z + n*o + 3*o + 22, -5*z = -3*o - 21. Suppose -8 = z*a - 32. What is the units digit of a?
8
Let b(x) = -x - 20. Let v(c) = -1. Let n(p) = -b(p) - 2*v(p). What is the units digit of n(6)?
8
What is the units digit of 10/(-50) - (-1 + 6751/(-5))?
1
Suppose -267 = -2*c + 3*w, 261 = c + c - w. What is the tens digit of c?
2
Suppose 147 = -u + 4*u. Suppose c = -4*r + 43, -3*r - u - 218 = -4*c. What is the units digit of c?
3
Suppose 4*a = -a + 3*q + 16, 10 = -5*q. Suppose 0 = a*w - 357 - 43. What is the units digit of -1 + 1/(4/w)?
9
Suppose i - 4*i - 2*x + 271 = 0, 0 = -4*x - 4. Let p = 204 - i. What is the units digit of p?
3
Let l be (-10)/35 + 6/21. Suppose 20 = 5*c - l. Suppose -1 = -f, -c*b - 10 + 45 = 3*f. What is the units digit of b?
8
Suppose 4*f + 12 = 0, -k - 3*f = 1 + 4. Suppose -3*l = 6*l - 612. Suppose -o + 95 = 4*w - 0*w, -3*w = k*o - l. What is the units digit of w?
4
Let h = -32 + 29. Let m be 160/(2 - h)*2. Let x = m - 18. What is the tens digit of x?
4
Suppose g - 3*d = 1321, 1335 = g - 4*d + 8*d. What is the thousands digit of g?
1
Let k(q) = 3*q + 117. Let r be (0/1)/(3*(-6)/(-9)). What is the tens digit of k(r)?
1
Suppose 0 = -m - i + 3*i - 108, 4*i + 374 = -3*m. Let s = m + 216. Let y = s + -69. What is the units digit of y?
9
Let y(l) = -4*l**2 - 2*l - 8. Let x be y(-4). Let o = x + 114. What is the units digit of o?
0
Let k = 690 + -447. What is the units digit of k?
3
What is the tens digit of 554/1*18/12?
3
Suppose 0 = 5*n + x - 15, -2*n - 2*x + 19 = x. Suppose -s + 1 = -5*r, -6*s + n*s = -r - 4. Let y = s - -9. What is the tens digit of y?
1
Let q = 417 - 215. What is the hundreds digit of q?
2
Let z(k) = -1. Let j(h) = 2*h**2 + 2*h - 20. Let o(p) = j(p) - 2*z(p). What is the units digit of o(6)?
6
Let m(p) = -24*p + 16. Let b(h) = -8*h + 5. Let z(c) = 11*b(c) - 4*m(c). What is the tens digit of z(7)?
4
Let x = 17 - 29. Let c be ((-5)/((-15)/x))/(-1). What is the tens digit of 6/c - (-53)/2?
2
Suppose -2*a + t + 1395 = -292, 2*t = a - 839. Suppose -5*i = -10*i + a. What is the tens digit of i?
6
Let a(l) = -6*l**3 + 3*l**2 + l - 1. Let v be a(-1). Suppose 0 = 2*o - o - 24. Suppose 0 = n - o - v. What is the tens digit of n?
3
Let f(c) = 2*c**2 + 4*c + 1. What is the tens digit of f(9)?
9
Let r = 1 + 5. Suppose 5*q - 2*f = 93, 3*q - 3*f + 56 = 7*q. Suppose -2*i = -r*i + 8, 0 = 3*z + i - q. What is the units digit of z?
5
Let y(r) = 2*r - 12. Suppose 0*h - 2*h = -10. Let n = h - -3. What is the units digit of y(n)?
4
Let y = 35 + -32. Suppose 1 + 11 = 4*z. Suppose -y*t = -33 + z. What is the units digit of t?
0
What is the hundreds digit of 16/(-104) + ((-312408)/(-39))/3?
6
What is the hundreds digit of -3*(6609/(-117) + (-14)/(-91))?
1
Let f(y) be the third derivative of -y**5/40 - y**4/24 + 3*y**3/2 - 2*y**2. Let h(n) be the first derivative of f(n). What is the units digit of h(-6)?
7
Let y(u) = u**3 - 40*u**2 - 10*u + 52. What is the thousands digit of y(42)?
3
What is the tens digit of 1832 + (-23 - -6 - -11)?
2
Let s(y) = 11*y**2 - 4*y + 2. Let w be s(1). What is the units digit of 684/21 + w/21?
3
Suppose 2*d = 7*d - 510. Suppose -p - 5 - 31 = 5*q, -2*p - d = -5*q. Let i = p - -82. What is the units digit of i?
6
Let t = -157 - -262. Let h = t - -74. What is the units digit of h?
9
Suppose 6*a = 287 - 107. What is the tens digit of a?
3
Let s = 185 + 940. What is the units digit of s?
5
Let l be 3/(-27)*3*75. What is the tens digit of 20*6/((-60)/l)?
5
Let l(n) be the second derivative of 0*n**2 - 3/20*n**5 + 1/3*n**3 + 1/12*n**4 + 0 - n. What is the units digit of l(-2)?
4
Let i = 1427 + 277. What is the thousands digit of i?
1
Suppose 3*j = 8 + 1, 2*j = 5*n + 16. Let v(s) be the first derivative of -2*s**4 - s**3/3 + 3*s**2/2 + 2*s + 2. What is the tens digit of v(n)?
5
Suppose -8*a = -4346 - 1942. What is the hundreds digit of a?
7
Let o = 11 + 9. Let s(m) = m**3 - 9*m**2 + m + 8. Let i be s(9). Let c = i + o. What is the tens digit of c?
3
Let p(i) = i**2 + 9*i + 16. Let f be p(-7). What is the tens digit of (105/(-10))/(-3*f/88)?
5
Let j(p) = -p**2 - 4*p - 3. Let o be j(-3). What is the tens digit of 744/8 + (3 - o)/3?
9
Let j(y) = 0 + 2*y + 2*y + 0*y - 3. Let m be j(-3). What is the units digit of m*4/4*-1?
5
Suppose 2*z = 9*z + 84. What is the hundreds digit of 3/z - (713/(-4) + 2)?
1
Let c(m) = m + 18. Let a be c(-13). Suppose -26 = a*k - 336. What is the tens digit of k?
6
Suppose 22*b - 2*b = 24060. What is the units digit of b?
3
Let y = 582 + 302. What is the tens digit of y?
8
Let q(y) = 2*y**2 + 9*y - 9. Let x be 2/(-4)*2*-4. Suppose 3 = -r - x. What is the tens digit of q(r)?
2
Suppose -18*x = -32408 + 10016. What is the tens digit of x?
4
Suppose -3*h = -5*h + 15*h. Suppose -7*l = -2*l. What is the tens digit of -1 - (-43 + h + l)?
4
Let g = -97 + 127. What is the units digit of ((-163)/3)/(g/(-9) + 3)?
3
Let i be ((-12)/(-5))/(((-6)/15)/(-2)). Let o = 28 + i. What is the tens digit of o?
4
Let l(d) = -3*d + 3*d**2 + d - 2 - 4*d**2. Let t be l(0). What is the tens digit of (-960)/(-54) + t/(-9)?
1
Let y = 1390 + 3139. What is the tens digit of y?
2
Suppose -4*d = 5*l - 183, -l = 3*d - 6*d + 123. Let o = d - 30. Let i = 9 + o. What is the tens digit of i?
2
Let m = -24 - -26. Suppose -2*a = 2*t - 80, -7*a = -m*a + t - 204. Let g = -9 + a. What is the tens digit of g?
3
Suppose 0 = -4*j + 5*j - 5*q - 1030, 2*q = 5*j - 5104. What is the thousands digit of j?
1
Let s(u) = 16*u - 7. Suppose 3*i + 1 = a - 3*a, -i - a - 2 = 0. What is the units digit of s(i)?
1
Suppose -s - 108 = 3*s. Let k = -25 - s. Suppose 36 = -k*d + 6*d. What is the units digit of d?
9
Suppose -3*x = -3*l - 3, 2*x - 3 = 4*l + 1. Let a be -2 + x/3 + -6. Let h = -2 - a. What is the units digit of h?
6
Let y be (-8)/(-16)*28*-2. Let i be 6/(-14) - 572/y. Suppose 5*r - 4*m - 171 = 0, i = 3*m - 8*m. What is the units digit of r?
1
Let p(x) = 39*x**2 + 2*x + 4. Let g be p(3). Let b = g - 258. What is the units digit of b?
3
Let h(s) = -3*s + 16. Let w be h(4). What is the units digit of (-9540)/(-156) + w/(-26)?
1
Let k(p) be the third derivative of -p**4/8 - p**3/3 + 2*p**2. Suppose 0 = -3*n - 3*r + 3, -3*n + 5*r = 37 - 0. What is the tens digit of k(n)?
1
Let n = 19 - 9. Suppose 2*c + 4*m = -n, 2*c = -c - m + 5. Suppose -c = -z + 27. What is the units 